{"id":3514,"date":"2021-03-03T19:31:26","date_gmt":"2021-03-03T22:31:26","guid":{"rendered":"https:\/\/isfd103-bue.infd.edu.ar\/sitio\/?page_id=3514"},"modified":"2025-06-12T17:00:45","modified_gmt":"2025-06-12T20:00:45","slug":"concursos","status":"publish","type":"page","link":"https:\/\/isfd103-bue.infd.edu.ar\/sitio\/concursos\/","title":{"rendered":"CONCURSOS 2025"},"content":{"rendered":"\n<h5 class=\"wp-block-heading\">La Resoluci\u00f3n 1161\/20 modifica el Anexo I de la Resoluci\u00f3n 5886\/03, la cual habilita la modalidad virtual para la realizaci\u00f3n de concursos&nbsp;<\/h5>\n\n\n\n<p><strong><u>Requisitos<\/u><\/strong>:<\/p>\n\n\n\n<p>*La propuesta pedag\u00f3gica se presentar\u00e1 en PDF<\/p>\n\n\n\n<p>*En el momento de la inscripci\u00f3n deber\u00e1n presentar declaraci\u00f3n jurada de T\u00edtulos y Antecedentes (ANEXO III), con documentaci\u00f3n respaldatoria, fotocopia de DNI,&nbsp; y de toda la otra documentaci\u00f3n pertinente, y si posee la oblea donde est\u00e1 inscripto de manera oficial (<strong>todo<\/strong>&nbsp;escaneado&nbsp;<strong>en formato PDF<\/strong>, no se aceptar\u00e1n fotos). &nbsp;Se enviar\u00e1 un mail en donde se adjuntar\u00e1n los archivo PDF por separado, por un lado la propuesta y por otro la inscripci\u00f3n y documentaci\u00f3n.<\/p>\n\n\n\n<p class=\"has-medium-font-size\">En el cuerpo del mail indicar: Domicilio, n\u00famero de tel\u00e9fono de l\u00ednea y de celular, y correo electr\u00f3nico a los efectos de las notificaciones fehacientes que fuera necesario realizar durante el proceso de selecci\u00f3n.<\/p>\n\n\n\n<p><strong>2\u00b0 convocatoria 2025<\/strong><\/p>\n\n\n\n<div class=\"wp-block-file\"><object class=\"wp-block-file__embed\" data=\"https:\/\/isfd103-bue.infd.edu.ar\/sitio\/wp-content\/uploads\/2025\/06\/Nueva-convocatoria-ISFD-103-3.pdf\" type=\"application\/pdf\" style=\"width:100%;height:600px\" aria-label=\"Incrustado de Nueva-convocatoria-ISFD-103-3.\"><\/object><a id=\"wp-block-file--media-25eef463-d4a3-4b47-a488-87cedc81ee32\" href=\"https:\/\/isfd103-bue.infd.edu.ar\/sitio\/wp-content\/uploads\/2025\/06\/Nueva-convocatoria-ISFD-103-3.pdf\">Nueva-convocatoria-ISFD-103-3<\/a><a href=\"https:\/\/isfd103-bue.infd.edu.ar\/sitio\/wp-content\/uploads\/2025\/06\/Nueva-convocatoria-ISFD-103-3.pdf\" class=\"wp-block-file__button wp-element-button\" download aria-describedby=\"wp-block-file--media-25eef463-d4a3-4b47-a488-87cedc81ee32\">Descarga<\/a><\/div>\n\n\n\n<p><strong>CONVOCATORIA<\/strong> <strong>CERRADA<\/strong><\/p>\n\n\n\n<p><strong>1\u00b0 convocatoria<\/strong><\/p>\n\n\n\n<div class=\"wp-block-file\"><object class=\"wp-block-file__embed\" data=\"https:\/\/isfd103-bue.infd.edu.ar\/sitio\/wp-content\/uploads\/2025\/04\/1\u00b0-CONVOCATORIA-ISFD-103-1.pdf\" type=\"application\/pdf\" style=\"width:100%;height:600px\" aria-label=\"Incrustado de 1\u00b0-CONVOCATORIA-ISFD-103-1.\"><\/object><a id=\"wp-block-file--media-fbc799dc-3829-4be0-a84b-ef1b72d4b827\" href=\"https:\/\/isfd103-bue.infd.edu.ar\/sitio\/wp-content\/uploads\/2025\/04\/1\u00b0-CONVOCATORIA-ISFD-103-1.pdf\">1\u00b0-CONVOCATORIA-ISFD-103-1<\/a><a href=\"https:\/\/isfd103-bue.infd.edu.ar\/sitio\/wp-content\/uploads\/2025\/04\/1\u00b0-CONVOCATORIA-ISFD-103-1.pdf\" class=\"wp-block-file__button wp-element-button\" download aria-describedby=\"wp-block-file--media-fbc799dc-3829-4be0-a84b-ef1b72d4b827\">Descarga<\/a><\/div>\n\n\n\n<p><\/p>\n\n\n\n<div class=\"wp-block-file\"><a id=\"wp-block-file--media-24c85d3e-ffa6-4915-8066-37e205e20fc2\" href=\"https:\/\/isfd103-bue.infd.edu.ar\/sitio\/wp-content\/uploads\/2024\/09\/NUEVA-CONVOCATORIA.pdf\">NUEVA-CONVOCATORIA<\/a><a href=\"https:\/\/isfd103-bue.infd.edu.ar\/sitio\/wp-content\/uploads\/2024\/09\/NUEVA-CONVOCATORIA.pdf\" class=\"wp-block-file__button wp-element-button\" download aria-describedby=\"wp-block-file--media-24c85d3e-ffa6-4915-8066-37e205e20fc2\">Descarga<\/a><\/div>\n\n\n\n<p><\/p>\n\n\n\n<p><\/p>\n\n\n\n<p><strong>CONVOCATORIA CERRADA<\/strong><\/p>\n\n\n\n<div class=\"wp-block-file\"><a id=\"wp-block-file--media-333a101e-7fc6-4328-a4d8-8522ad79ac38\" href=\"https:\/\/isfd103-bue.infd.edu.ar\/sitio\/wp-content\/uploads\/2024\/07\/Convocatoria-ISFD-103.pdf\">Convocatoria-ISFD-103<\/a><a href=\"https:\/\/isfd103-bue.infd.edu.ar\/sitio\/wp-content\/uploads\/2024\/07\/Convocatoria-ISFD-103.pdf\" class=\"wp-block-file__button wp-element-button\" download aria-describedby=\"wp-block-file--media-333a101e-7fc6-4328-a4d8-8522ad79ac38\">Descarga<\/a><\/div>\n\n\n\n<div class=\"wp-block-file\"><a id=\"wp-block-file--media-5210474a-38f1-4251-9d66-b2bdd21b47e2\" href=\"https:\/\/isfd103-bue.infd.edu.ar\/sitio\/wp-content\/uploads\/2024\/05\/CONCURSOS-ISFD-103.pdf\">CONCURSOS-ISFD-103<\/a><a href=\"https:\/\/isfd103-bue.infd.edu.ar\/sitio\/wp-content\/uploads\/2024\/05\/CONCURSOS-ISFD-103.pdf\" class=\"wp-block-file__button wp-element-button\" download aria-describedby=\"wp-block-file--media-5210474a-38f1-4251-9d66-b2bdd21b47e2\"><br><br><br>Descarga<\/a><\/div>\n\n\n\n<p><\/p>\n\n\n\n<p><\/p>\n\n\n\n<p><\/p>\n\n\n\n<div class=\"wp-block-columns is-layout-flex wp-container-2\">\n<div class=\"wp-block-column is-layout-flow\" style=\"flex-basis:100%\">\n<div class=\"wp-block-file\"><a id=\"wp-block-file--media-e33ec378-807c-4293-a82f-9f88c49c0ad6\" href=\"https:\/\/isfd103-bue.infd.edu.ar\/sitio\/wp-content\/uploads\/2024\/04\/Convocatorias-103.pdf\">Convocatorias-103<\/a><a href=\"https:\/\/isfd103-bue.infd.edu.ar\/sitio\/wp-content\/uploads\/2024\/04\/Convocatorias-103.pdf\" class=\"wp-block-file__button wp-element-button\" download aria-describedby=\"wp-block-file--media-e33ec378-807c-4293-a82f-9f88c49c0ad6\">Descarga<\/a><\/div>\n<\/div>\n<\/div>\n","protected":false},"excerpt":{"rendered":"<p>La Resoluci\u00f3n 1161\/20 modifica el Anexo I de la Resoluci\u00f3n 5886\/03, la cual habilita la modalidad virtual para la realizaci\u00f3n de concursos&nbsp; Requisitos: *La propuesta pedag\u00f3gica se presentar\u00e1 en PDF *En el momento de la inscripci\u00f3n deber\u00e1n presentar declaraci\u00f3n jurada de T\u00edtulos y Antecedentes (ANEXO III), con documentaci\u00f3n respaldatoria, fotocopia de DNI,&nbsp; y de toda &#8230; <a title=\"CONCURSOS 2025\" class=\"read-more\" href=\"https:\/\/isfd103-bue.infd.edu.ar\/sitio\/concursos\/\" aria-label=\"More on CONCURSOS 2025\">[+]<\/a><\/p>\n","protected":false},"author":13,"featured_media":0,"parent":0,"menu_order":0,"comment_status":"closed","ping_status":"closed","template":"","meta":[],"acf":[],"_links":{"self":[{"href":"https:\/\/isfd103-bue.infd.edu.ar\/sitio\/wp-json\/wp\/v2\/pages\/3514"}],"collection":[{"href":"https:\/\/isfd103-bue.infd.edu.ar\/sitio\/wp-json\/wp\/v2\/pages"}],"about":[{"href":"https:\/\/isfd103-bue.infd.edu.ar\/sitio\/wp-json\/wp\/v2\/types\/page"}],"author":[{"embeddable":true,"href":"https:\/\/isfd103-bue.infd.edu.ar\/sitio\/wp-json\/wp\/v2\/users\/13"}],"replies":[{"embeddable":true,"href":"https:\/\/isfd103-bue.infd.edu.ar\/sitio\/wp-json\/wp\/v2\/comments?post=3514"}],"version-history":[{"count":59,"href":"https:\/\/isfd103-bue.infd.edu.ar\/sitio\/wp-json\/wp\/v2\/pages\/3514\/revisions"}],"predecessor-version":[{"id":5642,"href":"https:\/\/isfd103-bue.infd.edu.ar\/sitio\/wp-json\/wp\/v2\/pages\/3514\/revisions\/5642"}],"wp:attachment":[{"href":"https:\/\/isfd103-bue.infd.edu.ar\/sitio\/wp-json\/wp\/v2\/media?parent=3514"}],"curies":[{"name":"wp","href":"https:\/\/api.w.org\/{rel}","templated":true}]}}