{"id":1415,"date":"2020-04-27T14:34:21","date_gmt":"2020-04-27T17:34:21","guid":{"rendered":"https:\/\/isfd103-bue.infd.edu.ar\/sitio\/?page_id=1415"},"modified":"2020-04-27T14:34:21","modified_gmt":"2020-04-27T17:34:21","slug":"semana-2-conversatorios-virtuales","status":"publish","type":"page","link":"https:\/\/isfd103-bue.infd.edu.ar\/sitio\/semana-2-conversatorios-virtuales\/","title":{"rendered":"Semana 2: Conversatorios Virtuales"},"content":{"rendered":"<p><strong>SEMANA 2. CONVERSATORIOS VIRTUALES .<\/strong><\/p>\n<p>Estimadxs Profesores:<br \/>\nEsta semana inician los conversatorios, actividad que a diferencia de la semana anterior es \u201csincr\u00f3nica\u201d, es decir, se comparte un mismo \u201ctiempo\u201d de ense\u00f1anza.<\/p>\n<p>Recordemos que la puesta en marcha del dispositivo virtual cuenta una secuencia de 3 semanas:<\/p>\n<p>Semana1) Presentaci\u00f3n y entrega de consignas y materiales.<br \/>\nSemana 2) Conversatorios.<br \/>\nSemana 3) Entrega de los trabajos por parte de los estudiantes.<\/p>\n<p>La idea de esta segunda parte, siguiendo la propuesta escrita en el Documento de \u201cContinuidad pedag\u00f3gica II y III\u201d se centra en <strong>Teleconferencias entre estudiantes y docentes<\/strong>.<br \/>\nSabemos que esta propuesta no suplanta las clases. Todos estos recursos y dise\u00f1os intentan reponer la distancia. Posiblemente \u201crepone ese cuerpo ausente\u201d y recrea el v\u00ednculo pedag\u00f3gico entre docentes y el estudiantes.<br \/>\nDebe permitir la comunicaci\u00f3n y establecer lazos afectivos.<\/p>\n<p>Recomendaciones:<\/p>\n<p>&#x1f4cc; Rotar los docentes anfitriones que nunca hayan invitado, para que la reuni\u00f3n no tenga la restricci\u00f3n de los 40 minutos que impone la aplicaci\u00f3n Zoom. Las dos primeras invitaciones, para un anfitri\u00f3n nuevo, deja tiempo libre de uso. Estamos a disposici\u00f3n para ense\u00f1ar el procedimiento de generaci\u00f3n de una teleconferencia.<\/p>\n<p>&#x1f4cc;Si observan poca participaci\u00f3n por falta de conectividad, recomendamos concentrar los conversatorios en no m\u00e1s de DOS TELECONFERENCIAS POR SEMANA, para no sobrecargar los costos y poder hacer de este momento, una instancia factible.<\/p>\n<p>&nbsp;<\/p>\n<p>Podemos reunirnos agrupamientos de profesorxs y junto a lxs estudiantes, recuperar la centralidad del acompa\u00f1amiento desde la escucha, la comprensi\u00f3n, la pr\u00e1ctica de habilitar y hacer circular la palabra.<br \/>\n\u00a1Deseamos un buen comienzo de esta segunda semana!<\/p>\n<p>EQUIPO DE CONDUCCI\u00d3N<\/p>\n","protected":false},"excerpt":{"rendered":"<p>SEMANA 2. CONVERSATORIOS VIRTUALES . Estimadxs Profesores: Esta semana inician los conversatorios, actividad que a diferencia de la semana anterior es \u201csincr\u00f3nica\u201d, es decir, se comparte un mismo \u201ctiempo\u201d de ense\u00f1anza. Recordemos que la puesta en marcha del dispositivo virtual cuenta una secuencia de 3 semanas: Semana1) Presentaci\u00f3n y entrega de consignas y materiales. Semana &#8230; <a title=\"Semana 2: Conversatorios Virtuales\" class=\"read-more\" href=\"https:\/\/isfd103-bue.infd.edu.ar\/sitio\/semana-2-conversatorios-virtuales\/\" aria-label=\"More on Semana 2: Conversatorios Virtuales\">[+]<\/a><\/p>\n","protected":false},"author":19,"featured_media":0,"parent":0,"menu_order":0,"comment_status":"closed","ping_status":"closed","template":"","meta":[],"acf":[],"_links":{"self":[{"href":"https:\/\/isfd103-bue.infd.edu.ar\/sitio\/wp-json\/wp\/v2\/pages\/1415"}],"collection":[{"href":"https:\/\/isfd103-bue.infd.edu.ar\/sitio\/wp-json\/wp\/v2\/pages"}],"about":[{"href":"https:\/\/isfd103-bue.infd.edu.ar\/sitio\/wp-json\/wp\/v2\/types\/page"}],"author":[{"embeddable":true,"href":"https:\/\/isfd103-bue.infd.edu.ar\/sitio\/wp-json\/wp\/v2\/users\/19"}],"replies":[{"embeddable":true,"href":"https:\/\/isfd103-bue.infd.edu.ar\/sitio\/wp-json\/wp\/v2\/comments?post=1415"}],"version-history":[{"count":1,"href":"https:\/\/isfd103-bue.infd.edu.ar\/sitio\/wp-json\/wp\/v2\/pages\/1415\/revisions"}],"predecessor-version":[{"id":1416,"href":"https:\/\/isfd103-bue.infd.edu.ar\/sitio\/wp-json\/wp\/v2\/pages\/1415\/revisions\/1416"}],"wp:attachment":[{"href":"https:\/\/isfd103-bue.infd.edu.ar\/sitio\/wp-json\/wp\/v2\/media?parent=1415"}],"curies":[{"name":"wp","href":"https:\/\/api.w.org\/{rel}","templated":true}]}}